1. Calculate p(37).
18
Let x(s) = s**3 - 4*s**2 + 2*s - 15. Determine x(4).
-7
Let r(i) = 20*i + 290. Calculate r(-18).
-70
Let j(l) = 63*l + 182. Calculate j(-3).
-7
Let k(z) = 2*z**2 - 42*z - 116. Determine k(-3).
28
Let y(l) = -2*l**3 + 19. Calculate y(4).
-109
Let h(i) = -2*i**3 + 36*i**2 - 62*i - 37. Give h(16).
-5
Let n(p) = 5*p**3 - 22*p**2 - 46*p - 16. Determine n(6).
-4
Let f(m) = -54*m + 489. What is f(7)?
111
Let x(p) = p**3 + 12*p**2 + 37*p + 24. Determine x(-5).
14
Let v(g) = -g**3 + 76*g**2 + 147*g + 435. What is v(78)?
-267
Let y(q) = -257*q + 1276. What is y(5)?
-9
Let r(j) = -76*j + 877. Give r(12).
-35
Let y(s) = -s**3 - 123*s**2 - 477*s - 72. Determine y(-119).
47
Let c(u) = u**3 + 20*u**2 + 76*u + 724. Give c(-18).
4
Let v(s) = -9*s - 61. What is v(-5)?
-16
Let m(h) = 3*h + 8. What is m(5)?
23
Let q(p) = 6*p**2 + 11*p + 7. Calculate q(-1).
2
Let m(u) = -u**3 + 3*u**2 - 49*u - 37. What is m(0)?
-37
Let w(b) = -2*b**3 + 2*b**2 - 4*b - 16. Give w(6).
-400
Let v(y) = -782*y + 10214. Give v(13).
48
Let y(p) = -p**3 - 31*p**2 - 80*p + 498. Determine y(-28).
386
Let r(i) = -1523*i + 1521. What is r(1)?
-2
Let c(i) = 1734*i - 3465. Determine c(2).
3
Let f(t) = 26*t - 187. What is f(7)?
-5
Let r(i) = i**3 + 21*i**2 + 108*i - 21. Give r(-11).
1
Let x(q) = -6*q + 51. Give x(19).
-63
Let z(n) = 3*n**2 - 29*n + 75. What is z(11)?
119
Let v(o) = -o**2 - 3*o + 3703. Calculate v(-63).
-77
Let x(k) = 1370*k + 16442. Give x(-12).
2
Let x(r) = 18*r**2 + 94*r - 3. Give x(-3).
-123
Let l(u) = 51*u**3 - 4*u - 8. Determine l(-2).
-408
Let x(w) = -w**2 - 16*w + 237. Calculate x(10).
-23
Let l(d) = -2*d**3 + 50*d**2 + 52*d + 11. Determine l(26).
11
Let x(w) = 2*w**3 - 83*w**2 + 253*w + 497. Determine x(38).
3
Let n(y) = y**3 + 7*y**2 - 25*y - 137. Calculate n(-9).
-74
Let x(t) = 2*t**2 + 90*t + 269. Calculate x(-3).
17
Let u(l) = l**3 - 44*l + 48. What is u(6)?
0
Let m(f) = 2*f**3 + 5*f**2 - 16*f - 36. Determine m(-7).
-365
Let m(x) = x**3 - 2*x**2 - 17*x - 222. Calculate m(8).
26
Let a(f) = -2*f**3 - 20*f**2 - 3*f + 109. Calculate a(-7).
-164
Let s(i) = -18*i**2 + 311*i - 78. Determine s(17).
7
Let l(i) = -54*i + 2413. What is l(44)?
37
Let u(k) = -k**3 + 6*k**2 + 30*k - 104. Determine u(8).
8
Let o(k) = 307*k - 3206. Give o(11).
171
Let n(y) = 10*y. What is n(1)?
10
Let m(h) = -57*h - 2892. Give m(-48).
-156
Let j(q) = -52*q + 577. Calculate j(11).
5
Let v(r) = 20*r**3 + 478*r**2 - 51*r - 77. What is v(-24)?
-5
Let n(z) = 1313*z + 57765. Determine n(-44).
-7
Let g(l) = -478*l + 941. Calculate g(2).
-15
Let f(b) = 1607*b + 340677. Give f(-212).
-7
Let f(b) = -17*b - 280. Calculate f(-29).
213
Let x(u) = 41*u + 5452. Give x(-135).
-83
Let k(b) = 45*b**2 + 5*b - 6. Determine k(2).
184
Let b(v) = -88*v - 274. What is b(-3)?
-10
Let l(n) = 2*n**2 - 124*n - 1794. Determine l(74).
-18
Let b(g) = -g**2 - 31*g + 272. What is b(-38)?
6
Let z(q) = 2*q**3 - 13*q**2 - 43*q + 384. Calculate z(11).
1000
Let g(a) = a**2 + 675*a + 105535. Determine g(-246).
1
Let u(h) = 3*h**3 - 2*h**2 + 2*h - 105. Calculate u(0).
-105
Let i(k) = 43*k**2 - 2238*k + 99. Give i(52).
-5
Let n(r) = -r**3 + 37*r**2 - 332*r + 270. What is n(13)?
10
Let y(g) = -g**2 + 68*g + 522. Give y(-8).
-86
Let s(y) = -y**2 + 162*y - 480. Determine s(3).
-3
Let w(o) = -11*o**3 - 342*o**2 - 28*o + 55. What is w(-31)?
-38
Let w(t) = 5*t**2 + 2*t - 15. Calculate w(4).
73
Let j(k) = -17355*k + 104130. What is j(6)?
0
Let v(i) = -4*i + 233. Give v(67).
-35
Let w(x) = 45*x + 700. Determine w(-16).
-20
Let d(y) = y**3 - 37*y**2 + 133*y - 20. Give d(33).
13
Let v(l) = -l - 229. Calculate v(45).
-274
Let c(g) = g**3 + 40*g**2 + 406*g + 267. Give c(-23).
-78
Let q(r) = -49*r + 1387. Calculate q(22).
309
Let v(b) = 42*b + 138. Calculate v(-5).
-72
Let o(f) = 2548*f + 2552. Calculate o(-1).
4
Let i(g) = g**3 + 4*g**2 - 32*g + 26. Give i(-8).
26
Let j(m) = -2*m**2 - 192*m + 1249. What is j(-102)?
25
Let i(f) = 2*f**2 - 1105*f - 1109. Calculate i(-1).
-2
Let x(c) = -c**3 + 6*c**2 + 44*c - 87. Determine x(10).
-47
Let g(v) = 4*v**2 + 321*v + 547. What is g(-78)?
-155
Let y(v) = 10*v**3 + 371*v**2 + 37*v - 43. What is y(-37)?
-43
Let k(u) = -9*u**2 - 27*u - 5. Determine k(-2).
13
Let z(l) = -2*l**2 - 61*l - 12. What is z(0)?
-12
Let d(o) = 4*o**2 - 19*o - 72. Calculate d(-4).
68
Let l(h) = -2707*h + 89339. What is l(33)?
8
Let c(t) = 398*t + 1610. Give c(-4).
18
Let p(m) = -12*m + 888. Calculate p(75).
-12
Let j(x) = 454*x - 33590. Give j(74).
6
Let t(k) = -31*k**2 + 1021*k + 27. Give t(33).
-39
Let q(m) = m**3 - 10*m**2 - 7*m - 6. What is q(9)?
-150
Let i(a) = 1059*a + 21164. What is i(-20)?
-16
Let z(o) = o**3 - 206*o**2 + 1425*o - 6369. Determine z(199).
-1
Let b(d) = -6*d**3 - 72*d**2 + 81*d + 18. What is b(-13)?
-21
Let w(v) = v**2 + 131*v + 637. Calculate w(-5).
7
Let c(j) = j**3 + 5*j**2 + 1817*j + 7. Determine c(0).
7
Let o(c) = c**2 + 5*c - 36. Calculate o(-9).
0
Let a(x) = x**2 + 4*x + 45. Calculate a(9).
162
Let w(y) = 1054*y - 255063. What is w(242)?
5
Let o(a) = 149*a + 3274. Determine o(-22).
-4
Let v(t) = -23*t - 96. Determine v(9).
-303
Let g(c) = 3*c**3 - 13*c**2 - 12*c + 36. Calculate g(4).
-28
Let r(v) = -2*v**2 - 6*v + 6. What is r(-5)?
-14
Let s(y) = -108*y + 991. Give s(10).
-89
Let h(x) = -36*x**3 - 936*x**2 - 4*x - 64. What is h(-26)?
40
Let m(s) = 8*s + 8. Calculate m(-1).
0
Let i(k) = -k**3 - 16*k**2 - 3*k + 16. Give i(-6).
-326
Let o(k) = -k**3 + 11*k**2 + 320*k - 79. Calculate o(24).
113
Let c(o) = -o**3 + 7*o**2 - 11*o + 33. Determine c(6).
3
Let b(w) = -1027*w - 492960. What is b(-480)?
0
Let m(z) = -7*z**2 - 88*z + 774. What is m(6)?
-6
Let n(v) = 6*v**2 - 308*v + 696. What is n(49)?
10
Let p(g) = -3*g**3 + 9*g**2 - 4*g - 5. Give p(5).
-175
Let w(p) = -4*p**3 - 32*p**2 - 25*p - 194. What is w(-8)?
6
Let r(u) = u**3 + 149*u**2 + 149*u + 151. Give r(-148).
3
Let f(n) = 3*n**2 + 144*n - 141. Give f(-49).
6
Let x(b) = -8*b**2 - 8*b + 35. What is x(4)?
-125
Let w(z) = 59*z + 235. Determine w(-4).
-1
Let f(o) = o**3 - 27*o**2 + o - 62. What is f(27)?
-35
Let a(t) = t**3 - 16*t**2 + 50*t - 522. Calculate a(15).
3
Let q(f) = 26*f**2 + 8*f + 5. Calculate q(-4).
389
Let h(v) = -v**3 + 25*v**2 + 60*v - 17. Calculate h(27).
145
Let s(c) = c**2 - 8*c - 1. Determine s(6).
-13
Let j(y) = -68*y - 1172. Calculate j(-17).
-16
Let w(v) = 15*v + 427. Give w(-27).
22
Let p(a) = -4*a**2 + 41*a + 91. Calculate p(-2).
-7
Let x(b) = 15*b - 2. Calculate x(2).
28
Let z(c) = c**3 + 13*c**2 - 8*c - 34. Calculate z(-13).
70
Let f(m) = 187*m - 188. Give f(1).
-1
Let t(h) = -3*h**2 + 64*h + 24. Calculate t(21).
45
Let t(f) = 5976*f - 11958. What is t(2)?
-6
Let y(r) = 193*r - 11779. Calculate y(61).
-6
Let t(g) = -g**2 - 21*g + 59. Calculate t(-24).
-13
Let t(u) = 6*u**2 + 9*u - 31. Give t(-3).
-4
Let w(c) = c**2 + 25*c + 71. What is w(-3)?
5
Let y(w) = 2*w + 196. Give y(4).
204
Let i(n) = 179*n - 39947. Give i(223).
-30
Let d(v) = -v**2 + 29*v - 205. Determine d(11).
-7
Let x(g) = 6*g**2 - 30*g - 140. Calculate x(-4).
76
Let y(f) = -f**3 - 5*f**2 - 5*f + 3. Calculate y(-5).
28
Let p(s) = 6423*s - 64220. What is p(10)?
10
Let n(o) = -o**3 - 7*o**2 + 5*o - 22. Calculate n(-7).
-57
Let h(b) = -b**3 - 16*b**2 + 39*b + 53. Give h(-18).
-1
Let x(f) = -2*f**2 + 162*f - 176. Give x(80).
-16
Let u(c) = -937*c - 7490. Calculate u(-8).
6
Let q(g) = -g**3 - 2*g**2 - 3*g - 4. Determine q(4).
-112
Let t(n) = -n**3 + 7*n**2 - 9*n + 4. Determine t(3).
13
Let c(o) = 43*o - 462. Determine c(18).
312
Let o(t) = t**3 + 5*t**2 - 396*t - 2340. Give o(-6).
0
Let f(w) = -4*w**2 - 60*w - 137. Give f(-12).
7
Let s(g) = 5*g**2 - 100*g + 369. Give s(5).
-6
Let m(h) = -h**3 + 18*h**2 + 19*h - 37. Give m(19).
-37
Let t(i) = 42*i**2 + 5278*i - 1759. Determine t(-126).
5
Let q(b) = -3*b**2 + 364*b - 8203. Determine q(30).
17
Let k(w) = w**2 + 78*w + 1449. Give k(-43).
-56
Let a(r) = 2*r**3 - 412*r**2 + 8738*r - 46. What is a(24)?
2
Let a(r) = -9*r**3 + 110*r**2 - 27*r + 43. What is a(12)?
7
Let f(n) = -900*n - 3594. Give f(-4).
6
Let v(d) = -23*d - 137. Calculate v(-8).
47
Let k(z) = -z**3 + 23*z**2 + 53*z - 53. Calculate k(25).
22
Let h(s) = 22*s + 476. Calculate h(-22).
-8
Let d(l) = -2*l**2 + 23*l - 21. What is d(12)?
-33
Let s(j) = -25*